Let i be (-2)/p*5 - -7. Give f(i).
2
Let y(n) = 20*n + 236 - n**2 - 26*n - 136 - 30*n + 15. Give y(-39).
-2
Let h(z) be the third derivative of z**6/360 - z**5/40 - z**4/8 - 56*z**3/3 - 94*z**2. Let t(x) be the first derivative of h(x). Calculate t(4).
1
Let b(a) = -a + 5. Suppose -4*q - 6 + 2 = -4*s, -2*q - 6 = -4*s. Suppose 27 = 4*z + 3*j, 3*z - s*z - 11 = -5*j. Determine b(z).
-1
Suppose -2*d + 42 = 22*d - 6. Let m(y) = -5*y**2 - 2*y + 4. Determine m(d).
-20
Let l(a) = -185 + 337 + 3*a**2 - 27*a - 153. Give l(6).
-55
Let w = 203 + -180. Suppose 3*q - 4 = w. Let i(y) = -y**2 + 8*y - 2. Determine i(q).
-11
Let l = -3 - 0. Let w(x) = 2*x + 35. Let j(a) = 9*a + 52. Let n(m) = -5*m - 28. Let r(c) = 4*j(c) + 7*n(c). Let y(b) = l*w(b) + 8*r(b). Give y(7).
5
Let o(m) = -6*m - 33*m**2 + 5 - 2 + 32*m**2. Suppose -c - 3*c - 5*u + 18 = 0, -c = u - 5. Suppose 0*p = -p - c. Calculate o(p).
-4
Let a(y) = -y**3 + 33*y**2 - 12*y + 19. Let k(d) = -3*d**3 + 84*d**2 - 29*d + 47. Let j(v) = -12*a(v) + 5*k(v). Determine j(8).
-1
Let a(z) = z**2 - z. Let v(r) = 391*r**2 - 385*r**2 + 3*r + 0*r - 7. Let k(n) = -5*a(n) + v(n). Let g(p) be the first derivative of k(p). What is g(-6)?
-4
Let l(b) = 4*b**2 + 2*b - 18. Let i be l(-4). Suppose -i = 2*g - 28. Let n(o) = o**3 + 6*o**2 + 6*o - 1. What is n(g)?
-6
Let i(q) = 4*q + q**3 - 2371661*q**2 - 1 + 2 + 2371657*q**2. Determine i(3).
4
Let m = 4 - -1. Suppose -s = -2*v - 12, v + 5 = 2*v + m*s. Let o(w) = -20*w - 2 + 2 + 37*w - w**2 - 19*w. Determine o(v).
-15
Let n(s) = -138*s + 4 + 273*s - 134*s. Let h be n(0). Let r(d) = -d**3 + 4*d**2 - 4*d + 4. Determine r(h).
-12
Let w(m) = 2*m**2 + 4*m - 3. Let o be 2/5 + (162/(-5))/(-9). Let u be 7 - (4/1)/o. Let t(q) = 3*q - 22. Let h be t(u). Determine w(h).
13
Let q be 9/(((-588)/(-66) + -9)*3). Let a(g) = 3*g + 91. Calculate a(q).
-8
Let z(t) = 6*t + 45. Let w(g) = -2*g - 16. Let i(u) = -17*w(u) - 6*z(u). Let s = -372 - -378. What is i(s)?
-10
Let m = 154 - 641. Let p = m - -489. Let a(c) be the third derivative of -c**5/60 + c**3/3 - 4*c**2. What is a(p)?
-2
Let w(a) = 17*a - 336. Let v be w(18). Let x be v/(-72)*3*-4. Let h(i) = -i**3 - 4*i**2 - i - 2. Calculate h(x).
28
Let r be (-30)/(-3) + (-114 - -96). Let u(p) = 2*p**2 + 12*p + 5. Give u(r).
37
Let o(a) be the first derivative of a**4/4 + 4*a**3 - 6*a**2 + 16*a + 2557. What is o(-13)?
3
Let c(i) be the first derivative of -i**5/60 - i**4/24 - 100*i**3/3 + 7. Let y(a) be the third derivative of c(a). Give y(-3).
5
Let v(b) = -2*b**3 - 3*b**2 - b - 1. Let i be 8/(-18)*(-6)/(-4)*30. Let z = 1 + -23. Let a = z - i. Give v(a).
5
Let q(l) = -11*l**2 - 11*l - 73. Let z(o) = 14*o**2 + 8*o + 71. Let w(j) = 5*q(j) + 4*z(j). Give w(27).
27
Suppose m = -3*m + 4*n - 20, -5*m - 5*n - 5 = 0. Let q be (-247)/(-38) + m/(-2). Let g(k) = k**3 - 8*k**2 - 2*k + 10. Give g(q).
-6
Let d(l) = l**3 - 8*l**2 + 2*l - 8. Suppose 0 = 21571*a - 21558*a - 104. Give d(a).
8
Let k(i) = -675*i - 68853. Let h be k(-102). Let f(r) = -r - 2*r**2 - 5*r + 4*r. Give f(h).
-12
Let y(n) = 31*n + 291968 - 145963 + 20*n - 145841. Calculate y(-3).
11
Let h(q) = q**3 + 6*q**2 - q - 6. Suppose 3*b + 3*p = 2*p + 118, -2*b + p = -82. Suppose 41*m + b = 45*m. Let v be 15/25 + (-66)/m. What is h(v)?
0
Let f be 0/3 - 1 - 5. Let b(t) = -3043*t + 7 + 1014*t + 1009*t - 2*t**2 + 1015*t. Calculate b(f).
-35
Let f(t) be the third derivative of 7*t**5/120 + 7*t**4/8 - 275*t**3/6 - 63*t**2. Let h(u) be the first derivative of f(u). What is h(-4)?
-7
Let i(q) = -q**3 - 9*q**2 + 17*q - 57. Suppose 2*s + 5*t + 57 = 0, 13*s = 3*s + 2*t - 96. Give i(s).
-2
Let c be 2 - 1/(2/40). Let b be 40/c - 10/(-45). Let q(w) = 36 - 10*w + 9*w - 9 - 14 - 11. Give q(b).
4
Suppose 5*t = -6*w + 3*w + 12, 2*w = -4*t + 8. Let g(v) = 10*v - 1 + w*v + 0 + v**2 - 1 + 0. What is g(-14)?
-2
Let v = 10798 - 10783. Let i(c) = c**2 - 15*c + 12. Determine i(v).
12
Let g be (1/9)/(-13 - 287/(-21)). Let l(o) be the second derivative of 3/2*o**2 + 0 + 1/20*o**5 + 1/6*o**4 - 15*o - g*o**3. Give l(-3).
-3
Let o(j) = -5*j**2 - 8*j + 16. Let z(p) = 3*p**2 - 1. Let u(h) = -o(h) - 2*z(h). Let g(s) = -2*s + 39. Let w be g(16). Determine u(w).
-7
Let a(p) = 3*p - 24*p + 31 + 9*p + 1 + 13*p. Calculate a(-13).
19
Let z = -38 - -46. Let x(r) = -23*r - 21. Let a(j) = -50*j - 44. Let c(l) = 6*a(l) - 13*x(l). Calculate c(z).
1
Suppose 0 = 3*w + 3*x + 18, 2*x + 15 = -5*w - 9. Let t(o) be the second derivative of 5*o**3/3 + 5*o**2/2 + 9*o. Determine t(w).
-35
Let l be (-40)/(-2)*(-1086)/(-12). Let h(v) = 4*v + 904 + 904 - l. Suppose -2*y + 4 = -0*y. Calculate h(y).
6
Let j = 10587 + -10580. Let z(s) = 29 - s**2 + 0*s**2 - 22 + 3*s + 4*s. Calculate z(j).
7
Let h(j) = 2*j + 3. Let w be (66 - 221) + (1 - (4 + -1)). Let l = 162 + w. Give h(l).
13
Let v(h) = -h**2 - 8*h + 4. Let g be (-888)/120 + (-14)/40*-4. Calculate v(g).
16
Let f be ((-64)/80)/((-1)/35). Let y = f - 34. Let m(l) = -l**2 + l. Let g(a) = a**3 + 11*a**2 - 11*a. Let d(v) = -g(v) - 6*m(v). Calculate d(y).
6
Let z(m) be the second derivative of m**3/6 - 2*m**2 + 781*m. Let p(d) = d + 7. Let k(b) = -4*b**2 + b + 1. Let r be k(-1). Let l be p(r). Give z(l).
-1
Let w(f) be the third derivative of f**8/6720 + f**7/630 + f**5/120 - 7*f**4/24 - f**3 - 114*f**2. Let a(t) be the second derivative of w(t). Calculate a(-4).
1
Let l be 1 + 10/(-15)*9. Let u = -6 + 9. Let d(k) = 9 - 4*k**2 + 6*k - k**3 + 0*k**3 + 0*k - u. What is d(l)?
1
Let a(n) = -2*n**2 + 51*n - 114. Let f(k) = k**2 - 24*k + 57. Let c(b) = -3*a(b) - 7*f(b). Determine c(8).
-1
Let g(i) = -8*i - 1 + i**3 - 137*i**2 + 140*i**2 + 7*i. Determine g(-2).
5
Let x(w) = -8*w**3 + 2*w**2 - w. Let y(u) be the second derivative of 3*u**3/2 - 73*u**2/2 - 9*u. Let a be y(0). Let o = a + 74. Calculate x(o).
-7
Let u(d) = -421*d - 3791. Let y be u(-9). Let a(f) = -2*f**2 - 36*f - 69. What is a(y)?
-5
Let g be 2/10 + (-156)/(-20). Let v(a) = 6*a**2 + a**3 - 14*a**2 + 2*a + 19*a**2 - 19*a**2 - 15. Let p be v(g). Let b(j) = -6*j**2 + 1. Give b(p).
-5
Suppose 72*i = -848 + 920. Let x(w) = -3*w**3 - w**2 + 4*w - 4. Determine x(i).
-4
Let i be 1/((2 - 1)/(-6)). Let o(z) = -z**3 - 15*z**2 + 18*z + 35. Let s be o(-16). Let p(f) = 6 + 50*f**3 - 28*f**3 - 6*f**2 - 23*f**s + f. Determine p(i).
0
Let z(j) = j**3 + 3*j**2 - j + 7. Let k(v) = -v**3 + v - 4. Let d(i) = -2*k(i) - z(i). Determine d(0).
1
Let q(f) = -f**3 - 12*f**2 - 13*f - 24. Let n = 515 - 526. Give q(n).
-2
Let v(l) = -l**2 - 6*l. Let c(w) = w**3 - 15*w**2 - 31*w + 16. Let x(f) = c(f) - 3*v(f). What is x(13)?
16
Let z(o) = -3*o**3 + 3*o**2 - 2. Let y(r) = 7 + 2*r - 5*r + 10. Let f(n) = -84*n + 5. Let i be f(0). Let b be y(i). Determine z(b).
-14
Let v(a) = -2 + 0 + 0*a**2 + a**2. Let k(z) = 2*z**3 - 14*z**2 + 116*z - 622. Let g be k(6). Determine v(g).
2
Let s(u) be the third derivative of -u**6/120 - u**5/12 - u**4/24 - u**3/3 - 25*u**2 + 4. Let b = 19 + -18. Let t be 42/(-9) + b/(-3). Calculate s(t).
3
Suppose 0 = -y - n + 10, 147 = y - 3*n + 153. Let w(d) = -d**3 + 8*d**2 + 2*d - 10. Determine w(y).
74
Let w be ((-1)/(-4))/(6/16)*24. Suppose 11*z - w*z + 10 = 0. Suppose z*x + 0 = 5*o + 1, -o = -x - 1. Let c(i) = i**3 - 2*i - 2. Calculate c(x).
-6
Let o = 2874 - 2877. Let s(u) = 7*u + 9. Calculate s(o).
-12
Let s = 26926 + -26923. Let i(z) = z**2 - 2*z + 9. Determine i(s).
12
Suppose -3*k - 4*y + 225 = 0, 3*y - 4*y = 0. Let t(d) = -k*d + d**3 + 1 + 9*d + 2*d**2 + 62*d. Give t(-3).
4
Let x be 2/(-3) - 700/(-42). Let u(z) = 4*z - 56. Let d be u(x). Let w(g) = -g**2 + 9*g + 9. Give w(d).
17
Let s(j) = 2*j**2 + j + 2. Let i(w) = w**3 - 423*w**2 + 841*w**2 - 423*w**2 - 2*w + 2. Let k be i(-1). Determine s(k).
8
Let j be 2 + 1916/28 - (-4)/7. Suppose -2*l = z - 0*l - j, -5*z + 2*l = -355. Suppose -8 + z = 7*a. Let r(v) = 2*v - 9. Determine r(a).
9
Let h = -31702 + 31696. Let l(v) = 29*v**2 + 172*v - 8. What is l(h)?
4
Let f = -283 + 280. Suppose -4*w = 2*p - 2, 0 = -5*w - 2*p + 6*p + 35. Let c(a) = -1 + 2*a - 4*a**3 - 1 + 2*a**3 + a**w - 2*a**2. Give c(f).
1
Let c(j) = -j - 39. Suppose -5*h - 7*h = -96. Suppose -2*n + h*n = 0. Give c(n).
-39
Let k(p) = -p**3 - 18*p**2 + 6*p - 21. Let a(q) = q**3 + 17*q**2 - 4*q + 19. Let c(f) = 3*a(f) + 2*k(f). Determine c(-15).
15
Let z b